{"id":17,"date":"2019-01-09T22:35:15","date_gmt":"2019-01-09T21:35:15","guid":{"rendered":"http:\/\/fouquetandco.com\/?page_id=17"},"modified":"2025-03-11T15:46:07","modified_gmt":"2025-03-11T14:46:07","slug":"co","status":"publish","type":"page","link":"https:\/\/fouquetandco.com\/index.php\/co\/","title":{"rendered":"Julie Fouquet &#038; Co"},"content":{"rendered":"\n<blockquote class=\"wp-block-quote is-layout-flow wp-block-quote-is-layout-flow\">\n<p>\u00ab\u00a0Seul on va plus vite, ensemble on va plus loin\u00a0\u00bb<\/p>\n<cite>Proverbe africain<\/cite><\/blockquote>\n\n\n<div class=\"wp-block-image\">\n<figure class=\"alignright size-large is-resized\"><img loading=\"lazy\" decoding=\"async\" width=\"768\" height=\"1024\" src=\"https:\/\/fouquetandco.com\/wp-content\/uploads\/2025\/03\/IMG_0495-768x1024.jpg\" alt=\"\" class=\"wp-image-379\" style=\"width:227px;height:auto\" srcset=\"https:\/\/fouquetandco.com\/wp-content\/uploads\/2025\/03\/IMG_0495-768x1024.jpg 768w, https:\/\/fouquetandco.com\/wp-content\/uploads\/2025\/03\/IMG_0495-225x300.jpg 225w, https:\/\/fouquetandco.com\/wp-content\/uploads\/2025\/03\/IMG_0495-1152x1536.jpg 1152w, https:\/\/fouquetandco.com\/wp-content\/uploads\/2025\/03\/IMG_0495-1536x2048.jpg 1536w, https:\/\/fouquetandco.com\/wp-content\/uploads\/2025\/03\/IMG_0495-scaled.jpg 1920w\" sizes=\"(max-width: 768px) 100vw, 768px\" \/><\/figure><\/div>\n\n\n<p><strong>Julie Fouquet<\/strong> intervient aussi en entreprise. <br><strong>&amp; Co &#8211;&nbsp;<\/strong>Elle s&rsquo;associe alors, si besoin est, avec d&rsquo;autres professionnels talentueux en fonction des besoins des diff\u00e9rents projets de nos clients. <\/p>\n\n\n\n<p><strong>Karine BERTHELOT<\/strong>, coach professionnelle<br>A la t\u00eate d&rsquo;ORREA, soci\u00e9t\u00e9 d&rsquo;orientation, de recrutement et de formation, Karine Berthelot anime \u00e9galement des prestations de coachings individuels et collectifs. \u00a0 Nous aimons \u00e0 co-animer des s\u00e9ances de coaching collectif. <a href=\"https:\/\/orrea.net\/\">https:\/\/orrea.net\/<\/a><\/p>\n\n\n\n<p><strong>Joelle DUNOYER<\/strong>, m\u00e9diatrice et sociologue<br>Jo\u00eblle DUNOYER est fondatrice et directrice de la r\u00e9daction de la revue Inter-m\u00e9di\u00e8s sp\u00e9cialis\u00e9e dans la m\u00e9diation. A son compte, elle propose  de la pr\u00e9vention et la gestion des conflits dans l&rsquo;entreprise.<br><a href=\"https:\/\/intermedies-mediation.com\/joelle-dunoyer\/\">https:\/\/intermedies-mediation.com\/joelle-dunoyer\/<\/a><\/p>\n\n\n\n<p><strong>Perrine ROUSSELET<\/strong>, graphiste<br> Experte en communication visuelle, Perrine Rousselet fonde son atelier de cr\u00e9ation graphique \u00e0 Paris en 2006.&nbsp; Aujourd\u2019hui install\u00e9e aujourd\u2019hui au c\u0153ur du pays de Caux dans la campagne normande et \u00e0 Paris, elle travaille sur des projets de diff\u00e9rentes \u00e9chelles en France et \u00e0 l\u2019\u00e9tranger. <a href=\"http:\/\/perrinerousselet.com\/\">http:\/\/perrinerousselet.com<\/a><\/p>\n\n\n\n<p><strong>David TAHIR<\/strong>, consultant<br>Apr\u00e8s un parcours de 10 ans dans le champ du d\u00e9veloppement social local, David TAHIR accompagne depuis 2010 des structures publiques et des structures priv\u00e9es en mati\u00e8re d\u2019ing\u00e9nierie de projet&nbsp;: diagnostic, conception, mise en \u0153uvre, suivi, \u00e9valuation. Par ailleurs, il propose des interventions sur le th\u00e8me du travail en \u00e9quipe <br><a href=\"http:\/\/www.davidtahir.com\">http:\/\/www.davidtahir.com<\/a><\/p>\n\n\n\n<p><br><\/p>\n","protected":false},"excerpt":{"rendered":"<p>\u00ab\u00a0Seul on va plus vite, ensemble on va plus loin\u00a0\u00bb Proverbe africain Julie Fouquet intervient aussi en entreprise. &amp; Co &#8211;&nbsp;Elle s&rsquo;associe alors, si besoin est, avec d&rsquo;autres professionnels talentueux en fonction des besoins des diff\u00e9rents projets de nos clients. Karine BERTHELOT, coach professionnelleA la t\u00eate d&rsquo;ORREA, soci\u00e9t\u00e9 d&rsquo;orientation, de recrutement et de formation, Karine &hellip; <a href=\"https:\/\/fouquetandco.com\/index.php\/co\/\" class=\"more-link\">Continuer la lecture de <span class=\"screen-reader-text\">Julie Fouquet &#038; Co<\/span><\/a><\/p>\n","protected":false},"author":1,"featured_media":0,"parent":0,"menu_order":0,"comment_status":"closed","ping_status":"closed","template":"","meta":{"footnotes":""},"_links":{"self":[{"href":"https:\/\/fouquetandco.com\/index.php\/wp-json\/wp\/v2\/pages\/17"}],"collection":[{"href":"https:\/\/fouquetandco.com\/index.php\/wp-json\/wp\/v2\/pages"}],"about":[{"href":"https:\/\/fouquetandco.com\/index.php\/wp-json\/wp\/v2\/types\/page"}],"author":[{"embeddable":true,"href":"https:\/\/fouquetandco.com\/index.php\/wp-json\/wp\/v2\/users\/1"}],"replies":[{"embeddable":true,"href":"https:\/\/fouquetandco.com\/index.php\/wp-json\/wp\/v2\/comments?post=17"}],"version-history":[{"count":16,"href":"https:\/\/fouquetandco.com\/index.php\/wp-json\/wp\/v2\/pages\/17\/revisions"}],"predecessor-version":[{"id":380,"href":"https:\/\/fouquetandco.com\/index.php\/wp-json\/wp\/v2\/pages\/17\/revisions\/380"}],"wp:attachment":[{"href":"https:\/\/fouquetandco.com\/index.php\/wp-json\/wp\/v2\/media?parent=17"}],"curies":[{"name":"wp","href":"https:\/\/api.w.org\/{rel}","templated":true}]}}